{"id":1215,"date":"2011-05-20T09:22:11","date_gmt":"2011-05-20T09:22:11","guid":{"rendered":"http:\/\/centros.unileon.es\/biologia\/?page_id=1215"},"modified":"2025-12-17T09:43:49","modified_gmt":"2025-12-17T09:43:49","slug":"ambiociencias1","status":"publish","type":"page","link":"https:\/\/centros.unileon.es\/biologia\/ambiociencias1\/","title":{"rendered":"AmbioCiencias"},"content":{"rendered":"<div align=\"center\"><a href=\"http:\/\/centros.unileon.es\/biologia\/files\/2011\/05\/Cabecera.jpg\"><img loading=\"lazy\" decoding=\"async\" class=\"aligncenter size-medium wp-image-1222\" src=\"http:\/\/centros.unileon.es\/biologia\/files\/2011\/05\/Cabecera.jpg\" alt=\"\" width=\"400\" height=\"91\" \/><\/a><\/div>\r\n<p style=\"text-align: justify;\">AmbioCiencias es una revista universitaria de divulgaci\u00f3n cient\u00edfica e innovaci\u00f3n docente editada por la Facultad de Ciencias Biol\u00f3gicas y Ambientales de la Universidad de Le\u00f3n y por el Secretariado de Publicaciones de la Universidad de Le\u00f3n.<\/p>\r\n<div align=\"center\">\r\n<table style=\"width: 40.672%; height: 95px;\" border=\"1\">\r\n<tbody>\r\n<tr style=\"height: 57px;\">\r\n<td style=\"width: 22.307%; height: 57px;\" align=\"center\">\r\n<form action=\"http:\/\/centros.unileon.es\/biologia\/\">\r\n<p><span style=\"color: black;\">\u00a0\u00a0\u00a0<\/span><\/p>\r\n<p>&nbsp;<\/p>\r\n<\/form>\r\n<\/td>\r\n<td style=\"width: 52.7823%; height: 57px;\" align=\"center\">\r\n<form action=\"http:\/\/centros.unileon.es\/biologia\/presentacion-ambiociencias\/\">\r\n<p><span style=\"color: black;\">\u00a0 <a href=\"https:\/\/centros.unileon.es\/biologia\/files\/2024\/12\/REGLAMENTO-AMBIOCIENCIAS_2024-1.pdf\">REGLAMENTO 2024<\/a><\/span><\/p>\r\n<p>&nbsp;<\/p>\r\n<\/form>\r\n<\/td>\r\n<td style=\"width: 22.9108%; height: 57px;\">\r\n<form action=\"http:\/\/centros.unileon.es\/biologia\/secciones-ambiociencias\/\"><button type=\"submit\"><span style=\"color: black;\"><b>Secciones<\/b><\/span><\/button><\/form>\r\n<\/td>\r\n<\/tr>\r\n<tr style=\"height: 38px;\">\r\n<td style=\"width: 22.307%; height: 38px;\" align=\"center\">\r\n<form action=\"http:\/\/centros.unileon.es\/biologia\/normas-de-publicacion\/\"><button type=\"submit\"><span style=\"color: black;\"><b>Normas de publicaci\u00f3n<\/b><\/span><\/button><\/form>\r\n<\/td>\r\n<td style=\"width: 52.7823%; height: 38px;\" align=\"center\">\r\n<form action=\"http:\/\/centros.unileon.es\/biologia\/consejo-de-redaccion-ambiociencias\/\"><button type=\"submit\"><span style=\"color: black;\"><b>Consejo de redacci\u00f3n<\/b><\/span><\/button><\/form>\r\n<\/td>\r\n<td style=\"width: 22.9108%; height: 38px;\" align=\"center\">\r\n<form action=\"http:\/\/centros.unileon.es\/biologia\/contacto-ambiociencias\/\"><button type=\"submit\"><span style=\"color: black;\"><b>Contacto<\/b><\/span><\/button><\/form>\r\n<\/td>\r\n<\/tr>\r\n<\/tbody>\r\n<\/table>\r\n<\/div>\r\n<p>&nbsp;<\/p>\r\n<h2>N\u00fameros publicados:<\/h2>\r\n<table>\r\n<tbody>\r\n<tr>\r\n<td align=\"center\"><a href=\"http:\/\/centros.unileon.es\/biologia\/files\/2011\/05\/Portada0_peq.jpg\"><img loading=\"lazy\" decoding=\"async\" class=\"alignright size-thumbnail wp-image-1302\" src=\"http:\/\/centros.unileon.es\/biologia\/files\/2011\/05\/Portada0_peq.jpg\" alt=\"\" width=\"150\" height=\"225\" \/><\/a><\/td>\r\n<td align=\"center\"><a href=\"http:\/\/centros.unileon.es\/biologia\/files\/2011\/05\/portada01_peq.jpg\"><img loading=\"lazy\" decoding=\"async\" class=\"alignright size-thumbnail wp-image-1308\" src=\"http:\/\/centros.unileon.es\/biologia\/files\/2011\/05\/portada01_peq.jpg\" alt=\"\" width=\"150\" height=\"225\" \/><\/a><\/td>\r\n<td align=\"center\"><a href=\"http:\/\/centros.unileon.es\/biologia\/files\/2011\/05\/Portada02_peq.jpg\"><img loading=\"lazy\" decoding=\"async\" class=\"alignright size-thumbnail wp-image-1309\" src=\"http:\/\/centros.unileon.es\/biologia\/files\/2011\/05\/Portada02_peq.jpg\" alt=\"\" width=\"150\" height=\"225\" \/><\/a><\/td>\r\n<\/tr>\r\n<tr>\r\n<td align=\"center\"><a href=\"http:\/\/centros.unileon.es\/biologia\/files\/2011\/05\/numero0.pdf\">N\u00famero 0<\/a><br \/>\r\nMayo 07<\/td>\r\n<td align=\"center\"><a href=\"http:\/\/centros.unileon.es\/biologia\/files\/2011\/05\/AmbioCiencias01.pdf\">N\u00famero 1<\/a><br \/>\r\nDiciembre 07<\/td>\r\n<td align=\"center\"><a href=\"http:\/\/centros.unileon.es\/biologia\/files\/2011\/05\/ac02.pdf\">N\u00famero 2<\/a><br \/>\r\nJunio 08<\/td>\r\n<\/tr>\r\n<\/tbody>\r\n<\/table>\r\n<table>\r\n<tbody>\r\n<tr>\r\n<td align=\"center\"><a href=\"http:\/\/centros.unileon.es\/biologia\/files\/2011\/05\/portada03_peq.jpg\"><img loading=\"lazy\" decoding=\"async\" class=\"alignright size-thumbnail wp-image-1314\" src=\"http:\/\/centros.unileon.es\/biologia\/files\/2011\/05\/portada03_peq.jpg\" alt=\"\" width=\"150\" height=\"225\" \/><\/a><\/td>\r\n<td align=\"center\"><a href=\"http:\/\/centros.unileon.es\/biologia\/files\/2011\/05\/portada04_peq.jpg\"><img loading=\"lazy\" decoding=\"async\" class=\"alignright size-thumbnail wp-image-1315\" src=\"http:\/\/centros.unileon.es\/biologia\/files\/2011\/05\/portada04_peq.jpg\" alt=\"\" width=\"150\" height=\"225\" \/><\/a><\/td>\r\n<td align=\"center\"><a href=\"http:\/\/centros.unileon.es\/biologia\/files\/2011\/05\/portada05_peq.jpg\"><img loading=\"lazy\" decoding=\"async\" class=\"alignright size-thumbnail wp-image-1316\" src=\"http:\/\/centros.unileon.es\/biologia\/files\/2011\/05\/portada05_peq.jpg\" alt=\"\" width=\"150\" height=\"225\" \/><\/a><\/td>\r\n<\/tr>\r\n<tr>\r\n<td align=\"center\"><a href=\"http:\/\/centros.unileon.es\/biologia\/files\/2011\/05\/ac03.pdf\">N\u00famero 3<\/a><br \/>\r\nDiciembre 08<\/td>\r\n<td align=\"center\"><a href=\"http:\/\/centros.unileon.es\/biologia\/files\/2011\/05\/ac04.pdf\">N\u00famero 4<\/a><br \/>\r\nJunio 09<\/td>\r\n<td align=\"center\"><a href=\"http:\/\/centros.unileon.es\/biologia\/files\/2011\/05\/ambiociencias05.pdf\">N\u00famero 5<\/a><br \/>\r\nDiciembre 09<\/td>\r\n<\/tr>\r\n<\/tbody>\r\n<\/table>\r\n<table>\r\n<tbody>\r\n<tr>\r\n<td align=\"center\"><a href=\"http:\/\/centros.unileon.es\/biologia\/files\/2011\/05\/monografico-darwin_peq.jpg\"><img loading=\"lazy\" decoding=\"async\" class=\"alignright size-thumbnail wp-image-1321\" src=\"http:\/\/centros.unileon.es\/biologia\/files\/2011\/05\/monografico-darwin_peq.jpg\" alt=\"\" width=\"150\" height=\"225\" \/><\/a><\/td>\r\n<td align=\"center\"><a href=\"http:\/\/centros.unileon.es\/biologia\/files\/2011\/05\/portada06_peq.jpg\"><img loading=\"lazy\" decoding=\"async\" class=\"alignright size-thumbnail wp-image-1322\" src=\"http:\/\/centros.unileon.es\/biologia\/files\/2011\/05\/portada06_peq.jpg\" alt=\"\" width=\"150\" height=\"225\" \/><\/a><\/td>\r\n<td align=\"center\"><a href=\"http:\/\/centros.unileon.es\/biologia\/files\/2011\/05\/portada07_peq.jpg\"><img loading=\"lazy\" decoding=\"async\" class=\"alignright size-thumbnail wp-image-1323\" src=\"http:\/\/centros.unileon.es\/biologia\/files\/2011\/05\/portada07_peq.jpg\" alt=\"\" width=\"150\" height=\"225\" \/><\/a><\/td>\r\n<\/tr>\r\n<tr>\r\n<td align=\"center\"><a href=\"http:\/\/centros.unileon.es\/biologia\/files\/2011\/05\/acDarwin.pdf\">Monogr\u00e1fico Darwin<\/a><br \/>\r\nDiciembre 09<\/td>\r\n<td align=\"center\"><a href=\"http:\/\/centros.unileon.es\/biologia\/files\/2011\/05\/ac06.pdf\">N\u00famero 6<\/a><br \/>\r\nOctubre 10<\/td>\r\n<td align=\"center\"><a href=\"http:\/\/centros.unileon.es\/biologia\/files\/2011\/05\/ac07.pdf\">N\u00famero 7<\/a><br \/>\r\nAbril 11<\/td>\r\n<\/tr>\r\n<\/tbody>\r\n<\/table>\r\n<table>\r\n<tbody>\r\n<tr>\r\n<td align=\"center\"><a href=\"http:\/\/centros.unileon.es\/biologia\/files\/2011\/05\/portada.jpg\"><img loading=\"lazy\" decoding=\"async\" class=\"alignright size-thumbnail wp-image-1321\" src=\"http:\/\/centros.unileon.es\/biologia\/files\/2011\/05\/portada.jpg\" alt=\"http:\/\/centros.unileon.es\/biologia\/files\/2011\/05\/Portada-AmbioCiencias_09_12.jpg\" width=\"150\" height=\"225\" \/><\/a><\/td>\r\n<td align=\"center\"><a href=\"http:\/\/centros.unileon.es\/biologia\/files\/2011\/05\/Portada-AmbioCiencias_09_12.jpg\"><img loading=\"lazy\" decoding=\"async\" class=\"alignright size-thumbnail wp-image-1322\" src=\"http:\/\/centros.unileon.es\/biologia\/files\/2011\/05\/Portada-AmbioCiencias_09_12.jpg\" width=\"150\" height=\"225\" \/><\/a><\/td>\r\n<td align=\"center\"><a href=\"http:\/\/centros.unileon.es\/biologia\/files\/2016\/02\/AmbioCC_n_10_P\u00e1gina_01.jpg\"><img loading=\"lazy\" decoding=\"async\" class=\"alignright size-thumbnail wp-image-1322\" src=\"http:\/\/centros.unileon.es\/biologia\/files\/2016\/02\/AmbioCC_n_10_P\u00e1gina_01.jpg\" width=\"150\" height=\"225\" \/><\/a><\/td>\r\n<\/tr>\r\n<tr>\r\n<td align=\"center\"><a href=\"http:\/\/centros.unileon.es\/biologia\/files\/2011\/05\/AmbioCiencias8.pdf\">N\u00famero 8<\/a><br \/>\r\nNoviembre 2011<\/td>\r\n<td align=\"center\"><a href=\"http:\/\/centros.unileon.es\/biologia\/files\/2011\/05\/AmbioCC.n-9.v02ok.pdf\">N\u00famero 9<\/a><br \/>\r\nJunio 2012<\/td>\r\n<td align=\"center\"><a href=\"http:\/\/centros.unileon.es\/biologia\/files\/2011\/05\/AmbioCC_n_10.pdf\">N\u00famero 10<\/a><br \/>\r\nDiciembre 2012<\/td>\r\n<\/tr>\r\n<\/tbody>\r\n<\/table>\r\n<table style=\"width: 82.9896%;\">\r\n<tbody>\r\n<tr>\r\n<td style=\"width: 33.3988%;\" align=\"center\"><a href=\"http:\/\/centros.unileon.es\/biologia\/files\/2014\/05\/AbCC_11_P\u00e1gina_01.jpg\"><img loading=\"lazy\" decoding=\"async\" class=\"alignright wp-image-1321\" src=\"http:\/\/centros.unileon.es\/biologia\/files\/2014\/05\/AbCC_11_P\u00e1gina_01.jpg\" alt=\"\" width=\"149\" height=\"211\" \/><\/a><\/td>\r\n<td style=\"width: 33.2061%;\" align=\"center\"><a href=\"http:\/\/centros.unileon.es\/biologia\/files\/2015\/04\/AmbioCC_n_12_Especial_Biotec_OK_P\u00e1gina_001.jpg\"><img loading=\"lazy\" decoding=\"async\" class=\"alignright size-thumbnail wp-image-1321\" src=\"http:\/\/centros.unileon.es\/biologia\/files\/2015\/04\/AmbioCC_n_12_Especial_Biotec_OK_P\u00e1gina_001.jpg\" alt=\"\" width=\"150\" height=\"225\" \/><\/a><\/td>\r\n<td style=\"width: 63.0796%;\" align=\"center\"><a href=\"http:\/\/centros.unileon.es\/biologia\/files\/2016\/02\/AmbioCiencias_n_13_P\u00e1gina_001-1.jpg\"><img loading=\"lazy\" decoding=\"async\" class=\"alignright size-thumbnail wp-image-1321\" src=\"http:\/\/centros.unileon.es\/biologia\/files\/2016\/02\/AmbioCiencias_n_13_P\u00e1gina_001-1.jpg\" alt=\"\" width=\"150\" height=\"225\" \/><\/a><\/td>\r\n<\/tr>\r\n<tr>\r\n<td style=\"width: 33.3988%;\" align=\"center\"><a href=\"http:\/\/centros.unileon.es\/biologia\/files\/2014\/05\/AbCC_11.pdf\">N\u00famero 11<\/a><br \/>\r\nDiciembre 2013<\/td>\r\n<td style=\"width: 33.2061%;\" align=\"center\"><a href=\"http:\/\/centros.unileon.es\/biologia\/files\/2015\/04\/AmbioCC_n_12_Especial_Biotec_OK1.pdf\">N\u00famero 12<\/a><br \/>\r\nDiciembre 2014<\/td>\r\n<td style=\"width: 63.0796%;\" align=\"center\"><a href=\"http:\/\/centros.unileon.es\/biologia\/files\/2016\/02\/AmbioCiencias_n_13.pdf\">N\u00famero 13<\/a><br \/>\r\nDiciembre 2015<\/td>\r\n<\/tr>\r\n<\/tbody>\r\n<\/table>\r\n<table style=\"width: 82.883%; height: 238px;\">\r\n<tbody>\r\n<tr style=\"height: 190px;\">\r\n<td style=\"height: 190px; width: 22.8101%;\" align=\"center\">\r\n<h3 align=\"center\"><img loading=\"lazy\" decoding=\"async\" class=\" wp-image-8914 aligncenter\" src=\"http:\/\/centros.unileon.es\/biologia\/files\/2018\/02\/ambiociencias-resolucion.jpg\" alt=\"\" width=\"120\" height=\"162\" srcset=\"https:\/\/centros.unileon.es\/biologia\/files\/2018\/02\/ambiociencias-resolucion.jpg 585w, https:\/\/centros.unileon.es\/biologia\/files\/2018\/02\/ambiociencias-resolucion-222x300.jpg 222w\" sizes=\"auto, (max-width: 120px) 100vw, 120px\" \/><\/h3>\r\n<\/td>\r\n<td style=\"height: 190px; width: 22.8642%;\" align=\"center\"><img loading=\"lazy\" decoding=\"async\" class=\" wp-image-8914 aligncenter\" src=\"http:\/\/centros.unileon.es\/biologia\/files\/2018\/02\/ambiociencias-resolucion.jpg\" alt=\"\" width=\"120\" height=\"162\" srcset=\"https:\/\/centros.unileon.es\/biologia\/files\/2018\/02\/ambiociencias-resolucion.jpg 585w, https:\/\/centros.unileon.es\/biologia\/files\/2018\/02\/ambiociencias-resolucion-222x300.jpg 222w\" sizes=\"auto, (max-width: 120px) 100vw, 120px\" \/><\/td>\r\n<td style=\"height: 190px; width: 22.8077%;\" align=\"center\">\r\n<h3 align=\"center\"><img loading=\"lazy\" decoding=\"async\" class=\" wp-image-8914 aligncenter\" src=\"http:\/\/centros.unileon.es\/biologia\/files\/2018\/02\/ambiociencias-resolucion.jpg\" alt=\"\" width=\"120\" height=\"162\" srcset=\"https:\/\/centros.unileon.es\/biologia\/files\/2018\/02\/ambiociencias-resolucion.jpg 585w, https:\/\/centros.unileon.es\/biologia\/files\/2018\/02\/ambiociencias-resolucion-222x300.jpg 222w\" sizes=\"auto, (max-width: 120px) 100vw, 120px\" \/><\/h3>\r\n<\/td>\r\n<\/tr>\r\n<tr style=\"height: 48px;\">\r\n<td style=\"height: 48px; width: 22.8101%;\" align=\"center\"><a href=\"http:\/\/centros.unileon.es\/biologia\/files\/2011\/05\/AmbioCiencias.pdf\">N\u00famero 14<\/a><br \/>\r\nDiciembre 2016<\/td>\r\n<td style=\"height: 48px; width: 22.8642%;\" align=\"center\"><a href=\"http:\/\/centros.unileon.es\/biologia\/files\/2018\/02\/AMBIOCIENCIAS-N\u00ba-15-A\u00d1O-2017-1.pdf\">N\u00famero 15<\/a><br \/>\r\nDiciembre 2017<\/td>\r\n<td style=\"height: 48px; width: 22.8077%;\" align=\"center\"><a href=\"https:\/\/centros.unileon.es\/biologia\/files\/2020\/09\/16.AbCC-final_-1.pdf\">N\u00famero 16<\/a><br \/>\r\nDiciembre 2018<\/td>\r\n<\/tr>\r\n<\/tbody>\r\n<\/table>\r\n<table style=\"width: 83.1249%; height: 238px;\">\r\n<tbody>\r\n<tr style=\"height: 190px;\">\r\n<td style=\"height: 190px; width: 23.5531%;\" align=\"center\">\r\n<h3 align=\"center\"><img loading=\"lazy\" decoding=\"async\" class=\" wp-image-8914 aligncenter\" src=\"http:\/\/centros.unileon.es\/biologia\/files\/2018\/02\/ambiociencias-resolucion.jpg\" alt=\"\" width=\"120\" height=\"162\" srcset=\"https:\/\/centros.unileon.es\/biologia\/files\/2018\/02\/ambiociencias-resolucion.jpg 585w, https:\/\/centros.unileon.es\/biologia\/files\/2018\/02\/ambiociencias-resolucion-222x300.jpg 222w\" sizes=\"auto, (max-width: 120px) 100vw, 120px\" \/><\/h3>\r\n<\/td>\r\n<td style=\"height: 190px; width: 23.2876%;\" align=\"center\"><img loading=\"lazy\" decoding=\"async\" class=\" wp-image-8914 aligncenter\" src=\"http:\/\/centros.unileon.es\/biologia\/files\/2018\/02\/ambiociencias-resolucion.jpg\" alt=\"\" width=\"120\" height=\"162\" srcset=\"https:\/\/centros.unileon.es\/biologia\/files\/2018\/02\/ambiociencias-resolucion.jpg 585w, https:\/\/centros.unileon.es\/biologia\/files\/2018\/02\/ambiociencias-resolucion-222x300.jpg 222w\" sizes=\"auto, (max-width: 120px) 100vw, 120px\" \/><\/td>\r\n<td style=\"height: 190px; width: 23.7414%;\" align=\"center\">\r\n<h3 align=\"center\"><img loading=\"lazy\" decoding=\"async\" class=\" wp-image-8914 aligncenter\" src=\"http:\/\/centros.unileon.es\/biologia\/files\/2018\/02\/ambiociencias-resolucion.jpg\" alt=\"\" width=\"120\" height=\"162\" srcset=\"https:\/\/centros.unileon.es\/biologia\/files\/2018\/02\/ambiociencias-resolucion.jpg 585w, https:\/\/centros.unileon.es\/biologia\/files\/2018\/02\/ambiociencias-resolucion-222x300.jpg 222w\" sizes=\"auto, (max-width: 120px) 100vw, 120px\" \/><\/h3>\r\n<\/td>\r\n<\/tr>\r\n<tr style=\"height: 48px;\">\r\n<td style=\"height: 48px; width: 23.5531%;\" align=\"center\"><a href=\"https:\/\/centros.unileon.es\/biologia\/files\/2020\/12\/AMBIOCIENCIAS_17.pdf\">N\u00famero 17<\/a><br \/>\r\nDiciembre 2019<\/td>\r\n<td style=\"height: 48px; width: 23.2876%;\" align=\"center\"><a href=\"https:\/\/centros.unileon.es\/biologia\/files\/2021\/12\/AmbioCiencias-18_red.pdf\">N\u00famero 18<\/a><br \/>\r\nDiciembre 2020<\/td>\r\n<td style=\"height: 48px; width: 23.7414%;\" align=\"center\"><a href=\"https:\/\/centros.unileon.es\/biologia\/files\/2022\/12\/AMBIOCIENCIAS-19_OPT.pdf\">N\u00famero 19<\/a><br \/>\r\nDiciembre 2021<\/td>\r\n<\/tr>\r\n<\/tbody>\r\n<\/table>\r\n<table style=\"width: 83.1502%; height: 238px;\">\r\n<tbody>\r\n<tr style=\"height: 190px;\">\r\n<td style=\"height: 190px; width: 33.3174%;\" align=\"center\">\r\n<h3 align=\"center\"><img loading=\"lazy\" decoding=\"async\" class=\" wp-image-8914 aligncenter\" src=\"http:\/\/centros.unileon.es\/biologia\/files\/2018\/02\/ambiociencias-resolucion.jpg\" alt=\"\" width=\"120\" height=\"162\" srcset=\"https:\/\/centros.unileon.es\/biologia\/files\/2018\/02\/ambiociencias-resolucion.jpg 585w, https:\/\/centros.unileon.es\/biologia\/files\/2018\/02\/ambiociencias-resolucion-222x300.jpg 222w\" sizes=\"auto, (max-width: 120px) 100vw, 120px\" \/><\/h3>\r\n<\/td>\r\n<td style=\"height: 190px; width: 33.0727%;\" align=\"center\"><a href=\"https:\/\/centros.unileon.es\/biologia\/files\/2023\/12\/AMBIOCIENCIAS_21_2023_compressed.pdf\"><img loading=\"lazy\" decoding=\"async\" class=\"alignnone wp-image-12038\" src=\"https:\/\/centros.unileon.es\/biologia\/files\/2023\/12\/AMBIOCIENCIAS_2023-1.png\" alt=\"\" width=\"114\" height=\"162\" \/><\/a><\/td>\r\n<td style=\"height: 190px; width: 96.0376%;\" align=\"center\">\r\n<h3 align=\"center\"><a href=\"https:\/\/centros.unileon.es\/biologia\/files\/2024\/12\/AMBIOCIENCIAS_22_2024.pdf\"><img loading=\"lazy\" decoding=\"async\" class=\"alignnone wp-image-12870 \" src=\"https:\/\/centros.unileon.es\/biologia\/files\/2024\/12\/AMBIOCIENCIAS_22_2024_v03_Pagina_001-724x1024.jpg\" alt=\"\" width=\"112\" height=\"158\" srcset=\"https:\/\/centros.unileon.es\/biologia\/files\/2024\/12\/AMBIOCIENCIAS_22_2024_v03_Pagina_001-724x1024.jpg 724w, https:\/\/centros.unileon.es\/biologia\/files\/2024\/12\/AMBIOCIENCIAS_22_2024_v03_Pagina_001-212x300.jpg 212w, https:\/\/centros.unileon.es\/biologia\/files\/2024\/12\/AMBIOCIENCIAS_22_2024_v03_Pagina_001-768x1086.jpg 768w, https:\/\/centros.unileon.es\/biologia\/files\/2024\/12\/AMBIOCIENCIAS_22_2024_v03_Pagina_001-1086x1536.jpg 1086w, https:\/\/centros.unileon.es\/biologia\/files\/2024\/12\/AMBIOCIENCIAS_22_2024_v03_Pagina_001-1448x2048.jpg 1448w, https:\/\/centros.unileon.es\/biologia\/files\/2024\/12\/AMBIOCIENCIAS_22_2024_v03_Pagina_001-scaled.jpg 1811w\" sizes=\"auto, (max-width: 112px) 100vw, 112px\" \/><\/a><\/h3>\r\n<\/td>\r\n<\/tr>\r\n<tr style=\"height: 48px;\">\r\n<td style=\"height: 48px; width: 33.3174%;\" align=\"center\"><a href=\"https:\/\/centros.unileon.es\/biologia\/files\/2023\/12\/AMBIOCIENCIAS_20-2.pdf\">\u00a0N\u00famero 20.<\/a> Diciembre 2022<\/td>\r\n<td style=\"height: 48px; width: 33.0727%;\" align=\"center\"><a href=\"https:\/\/centros.unileon.es\/biologia\/files\/2023\/12\/AMBIOCIENCIAS_21_2023_compressed.pdf\">\u00a0N\u00famero 21.<\/a> Diciembre 2023<\/td>\r\n<td style=\"height: 48px; width: 96.0376%;\" align=\"center\">\u00a0<a href=\"https:\/\/centros.unileon.es\/biologia\/files\/2024\/12\/AMBIOCIENCIAS_22_2024.pdf\">N\u00famero 22<\/a>. Diciembre 2024<\/td>\r\n<\/tr>\r\n<\/tbody>\r\n<\/table>\r\n<h3 style=\"text-align: left;\" align=\"center\"><a href=\"https:\/\/centros.unileon.es\/biologia\/files\/2025\/12\/AMBIOCIENCIAS_23_2025_r.pdf\">Nuevo n\u00famero. Diciembre 2025<\/a><\/h3>\r\n<p><a href=\"https:\/\/centros.unileon.es\/biologia\/files\/2025\/12\/AMBIOCIENCIAS_23_2025_r.pdf\"><img loading=\"lazy\" decoding=\"async\" class=\"alignnone wp-image-13448 \" src=\"https:\/\/centros.unileon.es\/biologia\/files\/2025\/12\/Ambiociencias-23_2025_primera-pagina.png\" alt=\"\" width=\"423\" height=\"591\" srcset=\"https:\/\/centros.unileon.es\/biologia\/files\/2025\/12\/Ambiociencias-23_2025_primera-pagina.png 631w, https:\/\/centros.unileon.es\/biologia\/files\/2025\/12\/Ambiociencias-23_2025_primera-pagina-215x300.png 215w\" sizes=\"auto, (max-width: 423px) 100vw, 423px\" \/><\/a><\/p>\r\n<p>&nbsp;<\/p>\r\n<p>\u00a9 Universidad de Le\u00f3n<br \/>\r\nISSN: 1988-3021<br \/>\r\nDep. Legal: LE-903-07<\/p>\r\n<div align=\"center\"><a href=\"http:\/\/centros.unileon.es\/biologia\/\">Inicio<\/a><\/div>","protected":false},"excerpt":{"rendered":"<p>AmbioCiencias es una revista universitaria de divulgaci\u00f3n cient\u00edfica e innovaci\u00f3n docente editada por la Facultad de Ciencias Biol\u00f3gicas y Ambientales de la Universidad de Le\u00f3n y por el Secretariado de Publicaciones de la Universidad de Le\u00f3n. \u00a0\u00a0\u00a0 &nbsp; \u00a0 REGLAMENTO 2024 &nbsp; Secciones Normas de publicaci\u00f3n Consejo de redacci\u00f3n Contacto &nbsp; N\u00fameros publicados: N\u00famero 0 [&hellip;]<\/p>\n","protected":false},"author":3,"featured_media":0,"parent":0,"menu_order":0,"comment_status":"closed","ping_status":"open","template":"","meta":{"footnotes":""},"class_list":["post-1215","page","type-page","status-publish","hentry"],"_links":{"self":[{"href":"https:\/\/centros.unileon.es\/biologia\/wp-json\/wp\/v2\/pages\/1215","targetHints":{"allow":["GET"]}}],"collection":[{"href":"https:\/\/centros.unileon.es\/biologia\/wp-json\/wp\/v2\/pages"}],"about":[{"href":"https:\/\/centros.unileon.es\/biologia\/wp-json\/wp\/v2\/types\/page"}],"author":[{"embeddable":true,"href":"https:\/\/centros.unileon.es\/biologia\/wp-json\/wp\/v2\/users\/3"}],"replies":[{"embeddable":true,"href":"https:\/\/centros.unileon.es\/biologia\/wp-json\/wp\/v2\/comments?post=1215"}],"version-history":[{"count":124,"href":"https:\/\/centros.unileon.es\/biologia\/wp-json\/wp\/v2\/pages\/1215\/revisions"}],"predecessor-version":[{"id":13451,"href":"https:\/\/centros.unileon.es\/biologia\/wp-json\/wp\/v2\/pages\/1215\/revisions\/13451"}],"wp:attachment":[{"href":"https:\/\/centros.unileon.es\/biologia\/wp-json\/wp\/v2\/media?parent=1215"}],"curies":[{"name":"wp","href":"https:\/\/api.w.org\/{rel}","templated":true}]}}