{"id":11312,"date":"2022-06-09T09:37:43","date_gmt":"2022-06-09T09:37:43","guid":{"rendered":"https:\/\/centros.unileon.es\/biologia\/?page_id=11312"},"modified":"2023-07-20T11:01:14","modified_gmt":"2023-07-20T11:01:14","slug":"curso-2022-2023-2","status":"publish","type":"page","link":"https:\/\/centros.unileon.es\/biologia\/curso-2022-2023-2\/","title":{"rendered":"Curso 2022-2023"},"content":{"rendered":"<h2>Septiembre de 2023<\/h2>\r\n<div align=\"center\">\r\n<table>\r\n<tbody>\r\n<tr>\r\n<th>Septiembre<\/th>\r\n<th colspan=\"2\">Convocatoria<\/th>\r\n<\/tr>\r\n<tr>\r\n<td rowspan=\"2\">\r\n<p>&nbsp;<\/p>\r\n<p>&nbsp;<\/p>\r\n<p>&nbsp;<\/p>\r\n<p>&nbsp;<\/p>\r\n<p><strong>6 de septiembre -11 de septiembre a las<span style=\"color: #ff0000;\"> 14:00<\/span> horas<br \/>\r\n<\/strong><\/p>\r\n<\/td>\r\n<td><strong>ESTUDIANTE<\/strong><\/td>\r\n<td><strong>TUTOR<\/strong><\/td>\r\n<\/tr>\r\n<tr>\r\n<td>\r\n<p>Realizar\u00e1 la\u00a0<strong>SOLICITUD Y EL DEP\u00d3SITO del TFG<\/strong>\u00a0en la Plataforma de la Universidad de Le\u00f3n \u201cSolicitud y dep\u00f3sito de TFGs\/TFM\u201d:<\/p>\r\n<p>\u00a0<a href=\"https:\/\/tfg.unileon.es\/home\">https:\/\/tfg.unileon.es\/home<\/a><\/p>\r\n<p>&nbsp;<\/p>\r\n<p>-Enviar\u00e1 a la Unidad Administrativa \u00a0<strong>(fbiadm@unileon.es)<\/strong>\u00a0el\u00a0<strong>Informe del alumno sobre la publicaci\u00f3n en abierto (Impreso 7).<\/strong><\/p>\r\n<\/td>\r\n<td>\r\n<p>\u2013<strong>INFORME DEL TUTOR SOBRE LA CALIDAD Y M\u00c9RITOS DEL TFG (Impreso 5).<\/strong><\/p>\r\n<p>\u2013<strong>INFORME DEL TUTOR SOBRE LA PUBLICACI\u00d3N EN ABIERTO (Impreso 6).<\/strong><\/p>\r\n<p>Estos impresos, que deben estar tambi\u00e9n firmados por el segundo tutor, <strong>se suben en un \u00fanico archivo pdf en la Plataforma<\/strong> de la Universidad de Le\u00f3n \u201cSolicitud y dep\u00f3sito de TFGs\/TFM\u201d:<\/p>\r\n<p><a href=\"https:\/\/tfg.unileon.es\/home\">https:\/\/tfg.unileon.es\/home<\/a><\/p>\r\n<p>Firma mediante portafirmas (informe de firmas)<\/p>\r\n<p>-Deber\u00e1 estar atento a su mail institucional para\u00a0<strong>ACEPTAR el dep\u00f3sito del TFG del alumno al que tutoriza.<\/strong>\u00a0<\/p>\r\n<\/td>\r\n<\/tr>\r\n<tr>\r\n<td><strong>18 de septiembre<br \/>\r\n<\/strong><\/td>\r\n<td colspan=\"2\">\r\n<p><strong>Defensa del TFG ante la Comisi\u00f3n de Evaluaci\u00f3n. <\/strong><strong>Publicaci\u00f3n de las actas provisionales<\/strong><\/p>\r\n<\/td>\r\n<\/tr>\r\n<tr>\r\n<td><strong>21 de septiembre<br \/>\r\n<\/strong><\/td>\r\n<td colspan=\"2\"><strong>Revisi\u00f3n de calificaciones y Cierre de Actas<\/strong><\/td>\r\n<\/tr>\r\n<\/tbody>\r\n<\/table>\r\n<\/div>\r\n<h2>\u00a0<\/h2>\r\n<h2><strong>Comisiones de Evaluaci\u00f3n TFGs\u00a0 (2023)<\/strong><\/h2>\r\n<p><a href=\"https:\/\/centros.unileon.es\/biologia\/files\/2023\/05\/TFGs-Comisiones-evaluacion-2023_Biologia.pdf\">TFGs Comisiones evaluaci\u00f3n_Biolog\u00eda<\/a><\/p>\r\n<p><a href=\"https:\/\/centros.unileon.es\/biologia\/files\/2023\/05\/TFGs-Comisiones-evaluacion-2023_Biotecnologia.pdf\">TFGs Comisiones evaluacion_Biotecnolog\u00eda<\/a><\/p>\r\n<p><a href=\"https:\/\/centros.unileon.es\/biologia\/files\/2023\/05\/TFGs-Comisiones-evaluacion-2023_CCAA.pdf\">TFGs Comisiones evaluacion_CCAA<\/a><\/p>\r\n<h2><strong>Convocatoria de Defensa TFGs (Julio de 2023)<\/strong><\/h2>\r\n<h2>Julio de 2023\u00a0 2\u00aa lectura<\/h2>\r\n<div align=\"center\">\r\n<table>\r\n<tbody>\r\n<tr>\r\n<th>Julio<\/th>\r\n<th colspan=\"2\">Convocatoria<\/th>\r\n<\/tr>\r\n<tr>\r\n<td rowspan=\"2\">\r\n<p>&nbsp;<\/p>\r\n<p>&nbsp;<\/p>\r\n<p>&nbsp;<\/p>\r\n<p>&nbsp;<\/p>\r\n<p><strong>6-12 de julio\u00a0 a las 14:00 horas<br \/>\r\n<\/strong><\/p>\r\n<\/td>\r\n<td><strong>ESTUDIANTE<\/strong><\/td>\r\n<td><strong>TUTOR<\/strong><\/td>\r\n<\/tr>\r\n<tr>\r\n<td>\r\n<p>Realizar\u00e1 la <strong>\u00a0EL DEP\u00d3SITO del TFG<\/strong> en la Plataforma de la Universidad de Le\u00f3n:<\/p>\r\n<p>\u00a0<a href=\"https:\/\/tfg.unileon.es\/home\">https:\/\/tfg.unileon.es\/home<\/a><\/p>\r\n<p>&nbsp;<\/p>\r\n<p>-Enviar\u00e1 a la Unidad Administrativa \u00a0<strong>(fbiadm@unileon.es)<\/strong>\u00a0el\u00a0<strong>Informe del alumno sobre la publicaci\u00f3n en abierto (Impreso 7).<\/strong><\/p>\r\n<\/td>\r\n<td>\r\n<p>Deber\u00e1 enviar a la Unidad Administrativa (<strong>fbiadm@unileon.es<\/strong>):<\/p>\r\n<p>\u2013<strong>INFORME DEL TUTOR SOBRE LA CALIDAD Y M\u00c9RITOS DEL TFG (Impreso 5).<\/strong><\/p>\r\n<p>\u2013<strong>INFORME DEL TUTOR SOBRE LA PUBLICACI\u00d3N EN ABIERTO (Impreso 6).<\/strong><\/p>\r\n<p>Los dos impresos anteriores (Impreso 5 e Impreso 6) deber\u00e1n ser tambi\u00e9n firmados por el segundo tutor.<\/p>\r\n<p>Firma manuscrita o con informe de firmas (portafirmas)<\/p>\r\n<p>-Deber\u00e1 estar atento a su mail institucional para\u00a0<strong>ACEPTAR el dep\u00f3sito del TFG del alumno al que tutoriza.<\/strong>\u00a0El dep\u00f3sito y la aceptaci\u00f3n se realizar\u00e1n en la Plataforma de la Universidad de Le\u00f3n \u201cSolicitud y dep\u00f3sito de TFGs\/TFM\u201d:<\/p>\r\n<p>\u00a0<a href=\"https:\/\/tfg.unileon.es\/home\">https:\/\/tfg.unileon.es\/home<\/a><\/p>\r\n<\/td>\r\n<\/tr>\r\n<tr>\r\n<td><strong>17-18 de julio<br \/>\r\n<\/strong><\/td>\r\n<td colspan=\"2\"><strong>Acto de defensa del TFG ante la Comisi\u00f3n de Evaluaci\u00f3n. Publicaci\u00f3n de las actas provisionales<\/strong><\/td>\r\n<\/tr>\r\n<tr>\r\n<td><strong>20 de julio<br \/>\r\n<\/strong><\/td>\r\n<td colspan=\"2\"><strong>Revisi\u00f3n de calificaciones y Cierre de Actas<br \/>\r\n<\/strong><\/td>\r\n<\/tr>\r\n<\/tbody>\r\n<\/table>\r\n<\/div>\r\n<h2>\u00a0<\/h2>\r\n<h2>Julio de 2023\u00a0 1\u00aa lectura<\/h2>\r\n<div align=\"center\">\r\n<table>\r\n<tbody>\r\n<tr>\r\n<th>Julio<\/th>\r\n<th colspan=\"2\">Convocatoria<\/th>\r\n<\/tr>\r\n<tr>\r\n<td rowspan=\"2\">\r\n<p>&nbsp;<\/p>\r\n<p>&nbsp;<\/p>\r\n<p>&nbsp;<\/p>\r\n<p>&nbsp;<\/p>\r\n<p><strong>20-27 de junio\u00a0 a las 14:00 horas<br \/>\r\n<\/strong><\/p>\r\n<\/td>\r\n<td><strong>ESTUDIANTE<\/strong><\/td>\r\n<td><strong>TUTOR<\/strong><\/td>\r\n<\/tr>\r\n<tr>\r\n<td>\r\n<p>Realizar\u00e1 la <strong>\u00a0EL DEP\u00d3SITO del TFG<\/strong> en la Plataforma de la Universidad de Le\u00f3n:<\/p>\r\n<p>\u00a0<a href=\"https:\/\/tfg.unileon.es\/home\">https:\/\/tfg.unileon.es\/home<\/a><\/p>\r\n<p>&nbsp;<\/p>\r\n<p>-Enviar\u00e1 a la Unidad Administrativa \u00a0<strong>(fbiadm@unileon.es)<\/strong>\u00a0el\u00a0<strong>Informe del alumno sobre la publicaci\u00f3n en abierto (Impreso 7).<\/strong><\/p>\r\n<\/td>\r\n<td>\r\n<p>Deber\u00e1 enviar a la Unidad Administrativa (<strong>fbiadm@unileon.es<\/strong>):<\/p>\r\n<p>\u2013<strong>INFORME DEL TUTOR SOBRE LA CALIDAD Y M\u00c9RITOS DEL TFG (Impreso 5).<\/strong><\/p>\r\n<p>\u2013<strong>INFORME DEL TUTOR SOBRE LA PUBLICACI\u00d3N EN ABIERTO (Impreso 6).<\/strong><\/p>\r\n<p>Los dos impresos anteriores (Impreso 5 e Impreso 6) deber\u00e1n ser tambi\u00e9n firmados por el segundo tutor.<\/p>\r\n<p>Firma manuscrita o con informe de firmas (portafirmas)<\/p>\r\n<p>-Deber\u00e1 estar atento a su mail institucional para\u00a0<strong>ACEPTAR el dep\u00f3sito del TFG del alumno al que tutoriza.<\/strong>\u00a0El dep\u00f3sito y la aceptaci\u00f3n se realizar\u00e1n en la Plataforma de la Universidad de Le\u00f3n \u201cSolicitud y dep\u00f3sito de TFGs\/TFM\u201d:<\/p>\r\n<p>\u00a0<a href=\"https:\/\/tfg.unileon.es\/home\">https:\/\/tfg.unileon.es\/home<\/a><\/p>\r\n<\/td>\r\n<\/tr>\r\n<tr>\r\n<td><strong>3-4 de julio<br \/>\r\n<\/strong><\/td>\r\n<td colspan=\"2\"><strong>Acto de defensa del TFG ante la Comisi\u00f3n de Evaluaci\u00f3n. Publicaci\u00f3n de las actas provisionales<\/strong><\/td>\r\n<\/tr>\r\n<tr>\r\n<td><strong>5-6 de julio<br \/>\r\n<\/strong><\/td>\r\n<td colspan=\"2\"><strong>Revisi\u00f3n de calificaciones y Cierre de Actas<br \/>\r\n<\/strong><\/td>\r\n<\/tr>\r\n<\/tbody>\r\n<\/table>\r\n<\/div>\r\n<h2>\u00a0<\/h2>\r\n<h2>\u00a0<\/h2>\r\n<h2><strong>ASIGNACI\u00d3N DEFINITIVA DE TFGs FEBRERO (2022\/2023)<\/strong><\/h2>\r\n<p><a href=\"https:\/\/centros.unileon.es\/biologia\/files\/2023\/03\/Adjudicacion-definitiva-TFG-Biologia-Feb23-1.pdf\">Adjudicaci\u00f3n de TFG_GRADO EN BIOLOG\u00cdA<\/a><\/p>\r\n<p><a href=\"https:\/\/centros.unileon.es\/biologia\/files\/2023\/03\/Adjudicacion-definitiva-TFG-Biotecnologia-Feb23.pdf\">Adjudicaci\u00f3n de TFG_GRADO EN BIOTECNOLOG\u00cdA<\/a><\/p>\r\n<p><a href=\"https:\/\/centros.unileon.es\/biologia\/files\/2023\/07\/Adjudicacion-definitiva-TFG-CC.AA-y-DG.pdf\">Adjudicaci\u00f3n de TFG GRADO EN CC.AA y DG<\/a><\/p>\r\n<h2><strong>Calendario de Adjudicaci\u00f3n de TFGs FEBRERO (2022\/2023)<\/strong><\/h2>\r\n<table>\r\n<tbody>\r\n<tr>\r\n<td><strong>22-28 Febrero<\/strong><\/td>\r\n<td>\r\n<p><span style=\"color: #ff0000;\"><strong>\u00a1ESTUDIANTES!<\/strong>\u00a0<\/span>Presentaci\u00f3n de las solicitudes de TFG Generales (<strong>Impreso 2<\/strong>) o TFG Espec\u00edficos (<strong>Impreso 3<\/strong>) debidamente firmadas.<\/p>\r\n<p>\u2013 Remitir a la Secretar\u00eda del centro por correo electr\u00f3nico (fbiadm@unileon.es), indicando en el asunto del mensaje: TFG_Grado_Apellidos_Nombre.<\/p>\r\n<\/td>\r\n<\/tr>\r\n<tr>\r\n<td><strong>2 Marzo<\/strong><\/td>\r\n<td>Asignaci\u00f3n provisional de los TFGs y publicaci\u00f3n en la web de la Facultad.<\/td>\r\n<\/tr>\r\n<tr>\r\n<td><strong>3-8 Marzo<\/strong><\/td>\r\n<td>Presentaci\u00f3n de posibles solicitudes de cambio de tutor o tema de TFG.<\/td>\r\n<\/tr>\r\n<tr>\r\n<td><strong>10 Marzo<br \/>\r\n<\/strong><\/td>\r\n<td>Asignaci\u00f3n definitiva de los TFGs y publicaci\u00f3n en la web de la Facultad.<\/td>\r\n<\/tr>\r\n<\/tbody>\r\n<\/table>\r\n<h5><strong style=\"font-size: 1.8em;\">OFERTA DE TFGs GENERALES FEBRERO\u00a0 (2022\/2023)<\/strong><\/h5>\r\n<p><strong>TFGS GENERALES PROPUESTOS PARA BIOLOG\u00cdA<\/strong><\/p>\r\n<p><a href=\"https:\/\/centros.unileon.es\/biologia\/files\/2023\/02\/Listados-TFG-febrero-Biologia-2022-2023.pdf\">Listados TFG febrero &#8211; Biolog\u00eda 2022-2023<\/a><\/p>\r\n<p><strong>TFGS GENERALES PROPUESTOS PARA BIOTECNOLOG\u00cdA<\/strong><\/p>\r\n<p><a href=\"https:\/\/centros.unileon.es\/biologia\/files\/2023\/02\/Listados-TFG-febrero-Biotecnologia-2022-2023.pdf\">Listados TFG febrero &#8211; Biotecnolog\u00eda 2022-2023<\/a><\/p>\r\n<p><strong>TFGS GENERALES PROPUESTOS PARA CIENCIAS AMBIENTALES<\/strong><\/p>\r\n<p><a href=\"https:\/\/centros.unileon.es\/biologia\/files\/2023\/02\/Listados-TFG-febrero-CC.-AA.-y-D.G.-2022-2023.pdf\">Listados TFG febrero &#8211; CC. AA. y D.G. 2022-2023<\/a><\/p>\r\n<h2>\u00a0<\/h2>\r\n<h1><strong>Febrero de 2023<\/strong><\/h1>\r\n<p><a href=\"https:\/\/centros.unileon.es\/biologia\/files\/2023\/01\/solicitud_convocatoria_febrero-julioTFG-TFM2022_23.doc\">solicitud_convocatoria_TFG_febrero-2023<\/a><\/p>\r\n<p><span style=\"color: #ff0000;\">Este impreso deber\u00e1 presentarlo en la Unidad Administrativa del Centro <strong>del 20 al 24 de febrero<\/strong>.<\/span><\/p>\r\n<div align=\"center\">\r\n<table>\r\n<tbody>\r\n<tr>\r\n<th>Febrero<\/th>\r\n<th colspan=\"2\">Convocatoria Extraordinaria<\/th>\r\n<\/tr>\r\n<tr>\r\n<td rowspan=\"2\">\r\n<p>&nbsp;<\/p>\r\n<p>&nbsp;<\/p>\r\n<p>&nbsp;<\/p>\r\n<p>&nbsp;<\/p>\r\n<p><strong>del 16 al 27\u00a0 de febrero\u00a0 a las 14:00 horas\u00a0<\/strong><\/p>\r\n<\/td>\r\n<td><strong>ESTUDIANTE<\/strong><\/td>\r\n<td><strong>TUTOR<\/strong><\/td>\r\n<\/tr>\r\n<tr>\r\n<td>\r\n<p><strong>SOLICITUD Y EL DEP\u00d3SITO del TFG<\/strong>\u00a0en la Plataforma de la Universidad de Le\u00f3n \u201cSolicitud y dep\u00f3sito de TFGs\/TFM\u201d:<\/p>\r\n<p>\u00a0<a href=\"https:\/\/tfg.unileon.es\/home\">https:\/\/tfg.unileon.es\/home<\/a><\/p>\r\n<p>&nbsp;<\/p>\r\n<p>-Enviar a la Unidad Administrativa \u00a0<strong>(fbiadm@unileon.es)<\/strong>\u00a0el\u00a0<strong>Informe del alumno sobre la publicaci\u00f3n en abierto (Impreso 7).<\/strong><\/p>\r\n<\/td>\r\n<td>\r\n<p>Deber\u00e1 enviar a la Unidad Administrativa (<strong>fbiadm@unileon.es<\/strong>):<\/p>\r\n<p>\u2013<strong>INFORME DEL TUTOR SOBRE LA CALIDAD Y M\u00c9RITOS DEL TFG (Impreso 5).<\/strong><\/p>\r\n<p>\u2013<strong>INFORME DEL TUTOR SOBRE LA PUBLICACI\u00d3N EN ABIERTO (Impreso 6).<\/strong><\/p>\r\n<p>Los dos impresos anteriores (Impreso 5 e Impreso 6) deber\u00e1n ser tambi\u00e9n firmados por el segundo tutor.<\/p>\r\n<p>Firma manuscrita o con informe de firmas (portafirmas)<\/p>\r\n<p>-Deber\u00e1 estar atento a su mail institucional para\u00a0<strong>ACEPTAR el dep\u00f3sito del TFG del alumno al que tutoriza.<\/strong>\u00a0El dep\u00f3sito y la aceptaci\u00f3n se realizar\u00e1n en la Plataforma de la Universidad de Le\u00f3n \u201cSolicitud y dep\u00f3sito de TFGs\/TFM\u201d:<\/p>\r\n<p>\u00a0<a href=\"https:\/\/tfg.unileon.es\/home\">https:\/\/tfg.unileon.es\/home<\/a><\/p>\r\n<\/td>\r\n<\/tr>\r\n<tr>\r\n<td><strong>6-7 de marzo\u00a0<\/strong><\/td>\r\n<td colspan=\"2\"><strong>Acto de defensa del TFG ante la Comisi\u00f3n de Evaluaci\u00f3n. Publicaci\u00f3n de las actas provisionales<\/strong><\/td>\r\n<\/tr>\r\n<tr>\r\n<td><strong>9-10 de marzo<\/strong><\/td>\r\n<td colspan=\"2\"><strong>Revisi\u00f3n de calificaciones y Cierre de actas<\/strong><\/td>\r\n<\/tr>\r\n<\/tbody>\r\n<\/table>\r\n<p>&nbsp;<\/p>\r\n<\/div>\r\n<h2>Diciembre de 2022<\/h2>\r\n<div align=\"center\">\r\n<table>\r\n<tbody>\r\n<tr>\r\n<th>Diciembre<\/th>\r\n<th colspan=\"2\">Convocatoria<\/th>\r\n<\/tr>\r\n<tr>\r\n<td rowspan=\"2\">\r\n<p>&nbsp;<\/p>\r\n<p>&nbsp;<\/p>\r\n<p>&nbsp;<\/p>\r\n<p>&nbsp;<\/p>\r\n<p><strong>2 de diciembre -13 de diciembre a las 14:00 horas<br \/>\r\n<\/strong><\/p>\r\n<\/td>\r\n<td><strong>ESTUDIANTE<\/strong><\/td>\r\n<td><strong>TUTOR<\/strong><\/td>\r\n<\/tr>\r\n<tr>\r\n<td>\r\n<p>Realizar\u00e1 la\u00a0<strong>SOLICITUD Y EL DEP\u00d3SITO del TFG<\/strong>\u00a0en la Plataforma de la Universidad de Le\u00f3n \u201cSolicitud y dep\u00f3sito de TFGs\/TFM\u201d:<\/p>\r\n<p>\u00a0<a href=\"https:\/\/tfg.unileon.es\/home\">https:\/\/tfg.unileon.es\/home<\/a><\/p>\r\n<p>&nbsp;<\/p>\r\n<p>-Enviar\u00e1 a la Unidad Administrativa \u00a0<strong>(fbiadm@unileon.es)<\/strong>\u00a0el\u00a0<strong>Informe del alumno sobre la publicaci\u00f3n en abierto (Impreso 7).<\/strong><\/p>\r\n<\/td>\r\n<td>\r\n<p>Deber\u00e1 enviar a la Unidad Administrativa (<strong>fbiadm@unileon.es<\/strong>):<\/p>\r\n<p>\u2013<strong>INFORME DEL TUTOR SOBRE LA CALIDAD Y M\u00c9RITOS DEL TFG (Impreso 5).<\/strong><\/p>\r\n<p>\u2013<strong>INFORME DEL TUTOR SOBRE LA PUBLICACI\u00d3N EN ABIERTO (Impreso 6).<\/strong><\/p>\r\n<p>Los dos impresos anteriores (Impreso 5 e Impreso 6) deber\u00e1n ser tambi\u00e9n firmados por el segundo tutor.<\/p>\r\n<p>Firma manuscrita o con informe de firmas (portafirmas)<\/p>\r\n<p>-Deber\u00e1 estar atento a su mail institucional para\u00a0<strong>ACEPTAR el dep\u00f3sito del TFG del alumno al que tutoriza.<\/strong>\u00a0El dep\u00f3sito y la aceptaci\u00f3n se realizar\u00e1n en la Plataforma de la Universidad de Le\u00f3n \u201cSolicitud y dep\u00f3sito de TFGs\/TFM\u201d:<\/p>\r\n<p>\u00a0<a href=\"https:\/\/tfg.unileon.es\/home\">https:\/\/tfg.unileon.es\/home<\/a><\/p>\r\n<\/td>\r\n<\/tr>\r\n<tr>\r\n<td><strong>19-20 de diciembre<br \/>\r\n<\/strong><\/td>\r\n<td colspan=\"2\"><strong>Acto de defensa del TFG ante la Comisi\u00f3n de Evaluaci\u00f3n. Publicaci\u00f3n de las actas provisionales<\/strong><\/td>\r\n<\/tr>\r\n<tr>\r\n<td><strong>21 de diciembre<br \/>\r\n<\/strong><\/td>\r\n<td colspan=\"2\"><strong>Revisi\u00f3n de calificaciones y Cierre de Actas<br \/>\r\n<\/strong><\/td>\r\n<\/tr>\r\n<\/tbody>\r\n<\/table>\r\n<\/div>\r\n<h2><strong>ASIGNACI\u00d3N DEFINITIVA DE TFGs JULIO (2022\/2023)<\/strong><\/h2>\r\n<p><a href=\"https:\/\/centros.unileon.es\/biologia\/files\/2022\/09\/Adjudicacion-definitiva-TFG-Biologia-1.pdf\">Adjudicaci\u00f3n\u00a0 de TFG_GRADO EN BIOLOG\u00cdA<\/a><\/p>\r\n<p><a href=\"https:\/\/centros.unileon.es\/biologia\/files\/2022\/09\/Adjudicacion-definitiva-TFG-Biotecnologia.pdf\">Adjudicaci\u00f3n de TFG_GRADO EN BIOTECNOLOG\u00cdA<\/a><\/p>\r\n<p><a href=\"https:\/\/centros.unileon.es\/biologia\/files\/2022\/09\/Adjudicacion-definitiva-TFG-CCAA-y-DG-1.pdf\">Adjudicaci\u00f3n de TFG_GRADO EN CIENCIAS AMBIENTALES y DG<\/a><\/p>\r\n<h2><strong>OFERTA DE TFGs GENERALES (2022\/2023)<\/strong><\/h2>\r\n<p><strong>TFGS GENERALES PROPUESTOS PARA BIOLOG\u00cdA<\/strong><\/p>\r\n<p><a href=\"https:\/\/centros.unileon.es\/biologia\/files\/2022\/06\/Listados-TFG-julio-Biologia-2022-2023.pdf\">Listados TFG julio &#8211; Biolog\u00eda 2022-2023<\/a><\/p>\r\n<p><a href=\"https:\/\/centros.unileon.es\/biologia\/files\/2022\/06\/TFG_B_Unido_2022-2023_compressed.pdf\">Propuestas detalladas TFG Biolog\u00eda 2022-2023<\/a><\/p>\r\n<p><strong>TFGS GENERALES PROPUESTOS PARA BIOTECNOLOG\u00cdA<\/strong><\/p>\r\n<p><a href=\"https:\/\/centros.unileon.es\/biologia\/files\/2022\/06\/Listados-TFG-julio-Biotecnologia-2022-2023.pdf\">Listados TFG julio &#8211; Biotecnolog\u00eda 2022-2023<\/a><\/p>\r\n<p><a href=\"https:\/\/centros.unileon.es\/biologia\/files\/2022\/06\/TFG_BT_unido_2022-2023_compressed.pdf\">Propuestas detalladas TFG Biotecnologia 2022-2023<\/a><\/p>\r\n<p><strong>TFGS GENERALES PROPUESTOS PARA CIENCIAS AMBIENTALES<\/strong><\/p>\r\n<p><a href=\"https:\/\/centros.unileon.es\/biologia\/files\/2022\/06\/Listados-TFG-julio-CC.-AA.-y-D.G.-2022-2023.pdf\">Listados TFG julio &#8211; CC. AA. y D.G. 2022-2023<\/a><\/p>\r\n<p><a href=\"https:\/\/centros.unileon.es\/biologia\/files\/2022\/06\/TFG_CA_unido_2022-2023_compressed.pdf\">Propuestas detalladas TFG CC.AA. y D.G. 2022-2023<\/a><\/p>\r\n<p>&nbsp;<\/p>\r\n<h2><strong>Calendario RESUMEN de asignaci\u00f3n de los TFGs (2022\/2023)<\/strong><\/h2>\r\n<table width=\"0\">\r\n<tbody>\r\n<tr>\r\n<td>\r\n<p><strong>13 de Junio<\/strong><\/p>\r\n<\/td>\r\n<td>\r\n<p>Publicaci\u00f3n en la p\u00e1gina web de la Facultad de:<br \/>\r\n-Oferta de TFGs Generales.<\/p>\r\n<\/td>\r\n<\/tr>\r\n<tr>\r\n<td>\r\n<p><strong>27 de Junio-8 Julio<\/strong><\/p>\r\n<\/td>\r\n<td>\r\n<p><strong>\u00a1ESTUDIANTES!<\/strong>\u00a0Presentaci\u00f3n de las solicitudes de TFG Generales (<strong>Impreso 2<\/strong>) o TFG Espec\u00edficos (<strong>Impreso 3<\/strong>) debidamente firmadas.<\/p>\r\n<p>\u2013 Remitir a la Secretar\u00eda del centro por correo electr\u00f3nico (fbiadm@unileon.es), indicando en el asunto del mensaje: TFG_Grado_Apellidos_Nombre.<\/p>\r\n<\/td>\r\n<\/tr>\r\n<tr>\r\n<td>\r\n<p><strong>20-21 Julio<\/strong><\/p>\r\n<\/td>\r\n<td>\r\n<p>Asignaci\u00f3n provisional de los TFGs y publicaci\u00f3n en la web de la Facultad.<\/p>\r\n<\/td>\r\n<\/tr>\r\n<\/tbody>\r\n<\/table>\r\n<h2>Criterios de asignaci\u00f3n<\/h2>\r\n<p>Para la asignaci\u00f3n de los TFGs Generales se considerar\u00e1 la nota media del expediente acad\u00e9mico. La asignaci\u00f3n de los TFGs espec\u00edficos propuestos por un estudiante y que tengan el visto bueno del tutor y del Departamento ser\u00e1 autom\u00e1tica.<\/p>\r\n<p><strong><u>En septiembre se abrir\u00e1n unas fechas para la presentaci\u00f3n de posibles solicitudes de cambio de tutor o tema de TFG (muy justificadas y con el acuerdo del tutor).<\/u><\/strong><\/p>\r\n<h3><strong>Calendario de Adjudicaci\u00f3n de TFGs (2022\/2023)<\/strong><\/h3>\r\n<table style=\"width: 100%; height: 96px;\">\r\n<tbody>\r\n<tr style=\"height: 48px;\">\r\n<td style=\"height: 48px;\">20-23 Septiembre<\/td>\r\n<td style=\"height: 48px;\">Presentaci\u00f3n de posibles solicitudes de cambio de tutor o tema de TFG.<\/td>\r\n<\/tr>\r\n<tr style=\"height: 48px;\">\r\n<td style=\"height: 48px;\">28 Septiembre<\/td>\r\n<td style=\"height: 48px;\">Asignaci\u00f3n definitiva de los TFGs y publicaci\u00f3n en la web de la Facultad.<\/td>\r\n<\/tr>\r\n<\/tbody>\r\n<\/table>\r\n<h2>\u00a0<\/h2>","protected":false},"excerpt":{"rendered":"<p>Septiembre de 2023 Septiembre Convocatoria &nbsp; &nbsp; &nbsp; &nbsp; 6 de septiembre -11 de septiembre a las 14:00 horas ESTUDIANTE TUTOR Realizar\u00e1 la\u00a0SOLICITUD Y EL DEP\u00d3SITO del TFG\u00a0en la Plataforma de la Universidad de Le\u00f3n \u201cSolicitud y dep\u00f3sito de TFGs\/TFM\u201d: \u00a0https:\/\/tfg.unileon.es\/home &nbsp; -Enviar\u00e1 a la Unidad Administrativa \u00a0(fbiadm@unileon.es)\u00a0el\u00a0Informe del alumno sobre la publicaci\u00f3n en abierto [&hellip;]<\/p>\n","protected":false},"author":3,"featured_media":0,"parent":0,"menu_order":0,"comment_status":"closed","ping_status":"closed","template":"","meta":{"footnotes":""},"class_list":["post-11312","page","type-page","status-publish","hentry"],"_links":{"self":[{"href":"https:\/\/centros.unileon.es\/biologia\/wp-json\/wp\/v2\/pages\/11312","targetHints":{"allow":["GET"]}}],"collection":[{"href":"https:\/\/centros.unileon.es\/biologia\/wp-json\/wp\/v2\/pages"}],"about":[{"href":"https:\/\/centros.unileon.es\/biologia\/wp-json\/wp\/v2\/types\/page"}],"author":[{"embeddable":true,"href":"https:\/\/centros.unileon.es\/biologia\/wp-json\/wp\/v2\/users\/3"}],"replies":[{"embeddable":true,"href":"https:\/\/centros.unileon.es\/biologia\/wp-json\/wp\/v2\/comments?post=11312"}],"version-history":[{"count":32,"href":"https:\/\/centros.unileon.es\/biologia\/wp-json\/wp\/v2\/pages\/11312\/revisions"}],"predecessor-version":[{"id":11836,"href":"https:\/\/centros.unileon.es\/biologia\/wp-json\/wp\/v2\/pages\/11312\/revisions\/11836"}],"wp:attachment":[{"href":"https:\/\/centros.unileon.es\/biologia\/wp-json\/wp\/v2\/media?parent=11312"}],"curies":[{"name":"wp","href":"https:\/\/api.w.org\/{rel}","templated":true}]}}