{"id":1101,"date":"2011-05-30T08:27:02","date_gmt":"2011-05-30T08:27:02","guid":{"rendered":"http:\/\/centros.unileon.es\/biologia\/?page_id=1101"},"modified":"2015-05-25T11:41:11","modified_gmt":"2015-05-25T11:41:11","slug":"informacion-academica-grados","status":"publish","type":"page","link":"https:\/\/centros.unileon.es\/biologia\/informacion-academica-grados\/","title":{"rendered":"Informaci\u00f3n Acad\u00e9mica: Grados"},"content":{"rendered":"En la Facultad de Ciencias Biol\u00f3gicas y Ambientales se imparten 3 Grados, y siguiendo los enlaces podemos llegar a informaci\u00f3n m\u00e1s concreta de cada uno de ellos.\r\n\r\n&nbsp;\r\n<h1>Curso acad\u00e9mico 2014-15<\/h1>\r\n\r\n<\/ul>\r\n<h2>Jornada de Acogida y Presentaci\u00f3n<\/h2>\r\n<ul>\r\n\t<li><a href=\"http:\/\/centros.unileon.es\/biologia\/files\/2011\/05\/FCBBA_Presentacion_Curso_2014_15.pdf\">Programa de las Jornadas de Acogida y Presentaci\u00f3n de los tres Grados que se imparten en la Facultad<\/a><\/li>\r\n<\/ul>\r\n<h2>Calendarios<\/h2>\r\n<ul>\r\n\t<li><a href=\"http:\/\/centros.unileon.es\/biologia\/files\/2011\/05\/2_Calendario_Formato_FCCBA_2014_15.pdf\">Calendario Grados 2014-15 <\/a><\/li>\r\n\t<li><a href=\"http:\/\/centros.unileon.es\/biologia\/files\/2011\/05\/1_Calendario_Escolar_ULE_Grados_2014_15.pdf\">Calendario escolar Grados 2014-15 (texto ULE)<\/a><\/li>\r\n<\/ul>\r\n<h2>Pruebas de evaluaci\u00f3n curso 2014-15<\/h2>\r\n<ul>\r\n\t<li><a href=\"http:\/\/centros.unileon.es\/biologia\/files\/2011\/05\/FCCBA_Calendario_Evaluacion_GRADOS_2014_15.pdf\">Calendario de pruebas de evaluaci\u00f3n de los tres Grados<\/a><\/li>\r\n\t<li><a href=\"http:\/\/centros.unileon.es\/biologia\/files\/2011\/05\/FCCBA_Examenes_Grado_Diciembre_2014_15.pdf\">Pruebas de evaluaci\u00f3n. Convocatoria de Diciembre<\/a><\/li>\r\n<\/ul>\r\n<h2>Coordinadores de Curso<\/h2>\r\n<a href=\"http:\/\/centros.unileon.es\/biologia\/files\/2011\/05\/3_FCCBA_Coordinadores_Curso_2014_15.pdf\">Listado (incluyendo correos electr\u00f3nicos y tel\u00e9fonos)<\/a>\r\n<h2>Profesores responsables de asignatura<\/h2>\r\n<ul>\r\n<li><a href=\"http:\/\/centros.unileon.es\/biologia\/files\/2011\/05\/4a_FCCBA_Prof_responsables_BIOLOG\u00cdA_2014_15.pdf\">Grado en Biolog\u00eda.<\/a><\/li>\r\n<li><a href=\"http:\/\/centros.unileon.es\/biologia\/files\/2011\/05\/4b_Prof_responsables_CCAA_2014_15.pdf\">Grado en Ciencias Ambientales.<\/a><\/li>\r\n<li><a href=\"http:\/\/centros.unileon.es\/biologia\/files\/2011\/05\/4c_Prof-responsables_BIOTECNOLOG\u00cdA_2014_15.pdf\">Grado en Biotecnolog\u00eda.<\/a><\/li>\r\n<\/ul>\r\n<h2>Tutores PAT<\/h2>\r\n<ul>\r\n\t<li><a href=\"http:\/\/centros.unileon.es\/biologia\/files\/2014\/02\/Tutores_PAT_Curso_2014_15.pdf\">Profesores que participan en el PAT<\/a><\/li>\r\n<\/ul>\r\n<h2>Tablas de IDs de las Asignaturas de los Grados<\/h2>\r\n<ul>\r\n\t<li><a href=\"http:\/\/centros.unileon.es\/biologia\/wp-content\/blogs.dir\/3\/files\/2011\/05\/ID_GOOGLECALENDAR_Biologia1.pdf\">Grado en Biolog\u00eda<\/a><\/li>\r\n\t<li><a href=\"http:\/\/centros.unileon.es\/biologia\/wp-content\/blogs.dir\/3\/files\/2011\/05\/ID_GOOGLECALENDAR_CCAA1.pdf\">Grado en Ciencias Ambientales<\/a><\/li>\r\n\t<li><a href=\"http:\/\/centros.unileon.es\/biologia\/wp-content\/blogs.dir\/3\/files\/2011\/05\/ID_GOOGLECALENDAR_Biotec1.pdf\">Grado en Biotecnolog\u00eda<\/a><\/li>\r\n<\/ul>\r\n<h2>Aulas disponibles para la docencia<\/h2>\r\n<a href=\"http:\/\/centros.unileon.es\/biologia\/files\/2011\/05\/FCCBA_DistribucionAulas.pdf\">Aulas para actividades te\u00f3ricas en grupo grande-mediano o peque\u00f1o<\/a>\r\n\r\n&nbsp;\r\n<div align=\"center\"><a href=\"http:\/\/centros.unileon.es\/biologia\/\">Inicio<\/a><\/div>","protected":false},"excerpt":{"rendered":"<p>En la Facultad de Ciencias Biol\u00f3gicas y Ambientales se imparten 3 Grados, y siguiendo los enlaces podemos llegar a informaci\u00f3n m\u00e1s concreta de cada uno de ellos. &nbsp; Curso acad\u00e9mico 2014-15 Jornada de Acogida y Presentaci\u00f3n Programa de las Jornadas de Acogida y Presentaci\u00f3n de los tres Grados que se imparten en la Facultad Calendarios [&hellip;]<\/p>\n","protected":false},"author":3,"featured_media":0,"parent":0,"menu_order":0,"comment_status":"closed","ping_status":"open","template":"","meta":{"footnotes":""},"class_list":["post-1101","page","type-page","status-publish","hentry"],"_links":{"self":[{"href":"https:\/\/centros.unileon.es\/biologia\/wp-json\/wp\/v2\/pages\/1101","targetHints":{"allow":["GET"]}}],"collection":[{"href":"https:\/\/centros.unileon.es\/biologia\/wp-json\/wp\/v2\/pages"}],"about":[{"href":"https:\/\/centros.unileon.es\/biologia\/wp-json\/wp\/v2\/types\/page"}],"author":[{"embeddable":true,"href":"https:\/\/centros.unileon.es\/biologia\/wp-json\/wp\/v2\/users\/3"}],"replies":[{"embeddable":true,"href":"https:\/\/centros.unileon.es\/biologia\/wp-json\/wp\/v2\/comments?post=1101"}],"version-history":[{"count":120,"href":"https:\/\/centros.unileon.es\/biologia\/wp-json\/wp\/v2\/pages\/1101\/revisions"}],"predecessor-version":[{"id":7292,"href":"https:\/\/centros.unileon.es\/biologia\/wp-json\/wp\/v2\/pages\/1101\/revisions\/7292"}],"wp:attachment":[{"href":"https:\/\/centros.unileon.es\/biologia\/wp-json\/wp\/v2\/media?parent=1101"}],"curies":[{"name":"wp","href":"https:\/\/api.w.org\/{rel}","templated":true}]}}