{"id":10101,"date":"2020-09-13T14:48:25","date_gmt":"2020-09-13T14:48:25","guid":{"rendered":"https:\/\/centros.unileon.es\/biologia\/?page_id=10101"},"modified":"2020-09-13T20:41:30","modified_gmt":"2020-09-13T20:41:30","slug":"registro-covid-fccba","status":"publish","type":"page","link":"https:\/\/centros.unileon.es\/biologia\/registro-covid-fccba\/","title":{"rendered":"REGISTRO COVID-FCCBA"},"content":{"rendered":"<p style=\"text-align: justify;\">Con el objetivo de realizar un seguimiento de los posibles contactos, al comenzar una nueva sesi\u00f3n de clase o pr\u00e1cticas es <strong>obligatorio<\/strong> rellenar el formulario <strong>REGISTRO COVID-FCCBA.<\/strong><\/p>\r\n<p style=\"text-align: justify;\">Para acceder al mismo, desde el tel\u00e9fono m\u00f3vil, <strong>es necesario tener abierta la cuenta @unileon de la Universidad.<\/strong><\/p>\r\n<p>Se puede acceder desde el siguiente enlace:<\/p>\r\n<h2 style=\"text-align: left;\"><a href=\"https:\/\/forms.gle\/UMbDbdyKxTAiYLeA7\"><strong><span style=\"color: #ff0000;\">REGISTRO COVID-FCCBA<\/span><\/strong><\/a><\/h2>\r\n<p>o bien con el c\u00f3digo QR disponible en la entrada de las AULAS y LABORATORIOS.<\/p>\r\n<div id=\"qrcode\"><a href=\"https:\/\/centros.unileon.es\/biologia\/files\/2020\/09\/qr_img-domingo.png\"><img loading=\"lazy\" decoding=\"async\" class=\"alignnone size-full wp-image-10123\" src=\"https:\/\/centros.unileon.es\/biologia\/files\/2020\/09\/qr_img-domingo.png\" alt=\"\" width=\"370\" height=\"370\" \/><\/a><br \/>\r\n<p>&nbsp;<\/p>\r\n<\/div>","protected":false},"excerpt":{"rendered":"<p>Con el objetivo de realizar un seguimiento de los posibles contactos, al comenzar una nueva sesi\u00f3n de clase o pr\u00e1cticas es obligatorio rellenar el formulario REGISTRO COVID-FCCBA. Para acceder al mismo, desde el tel\u00e9fono m\u00f3vil, es necesario tener abierta la cuenta @unileon de la Universidad. Se puede acceder desde el siguiente enlace: REGISTRO COVID-FCCBA o [&hellip;]<\/p>\n","protected":false},"author":3,"featured_media":0,"parent":0,"menu_order":0,"comment_status":"closed","ping_status":"closed","template":"","meta":{"footnotes":""},"class_list":["post-10101","page","type-page","status-publish","hentry"],"_links":{"self":[{"href":"https:\/\/centros.unileon.es\/biologia\/wp-json\/wp\/v2\/pages\/10101","targetHints":{"allow":["GET"]}}],"collection":[{"href":"https:\/\/centros.unileon.es\/biologia\/wp-json\/wp\/v2\/pages"}],"about":[{"href":"https:\/\/centros.unileon.es\/biologia\/wp-json\/wp\/v2\/types\/page"}],"author":[{"embeddable":true,"href":"https:\/\/centros.unileon.es\/biologia\/wp-json\/wp\/v2\/users\/3"}],"replies":[{"embeddable":true,"href":"https:\/\/centros.unileon.es\/biologia\/wp-json\/wp\/v2\/comments?post=10101"}],"version-history":[{"count":10,"href":"https:\/\/centros.unileon.es\/biologia\/wp-json\/wp\/v2\/pages\/10101\/revisions"}],"predecessor-version":[{"id":10112,"href":"https:\/\/centros.unileon.es\/biologia\/wp-json\/wp\/v2\/pages\/10101\/revisions\/10112"}],"wp:attachment":[{"href":"https:\/\/centros.unileon.es\/biologia\/wp-json\/wp\/v2\/media?parent=10101"}],"curies":[{"name":"wp","href":"https:\/\/api.w.org\/{rel}","templated":true}]}}